)?
1
Let w(z) = -3*z + 0*z + 5 + 0*z + 2*z. Calculate w(3).
2
Let w(y) be the first derivative of -y - 4 + 1/3*y**3 + 0*y**2. Suppose 0*a + 5*b + 13 = a, 0 = -3*a - 2*b - 12. Determine w(a).
3
Let q(m) = -10*m - 5. Let h(i) = -i + 6*i + 6*i + 3 + 3. Let w(l) = -6*h(l) - 7*q(l). Let k be -2 - (0 + -5 + 2). Determine w(k).
3
Suppose -4*r + 2*f = -r - 5, -2*f - 7 = -5*r. Let b = 0 + 4. Suppose g - r = b. Let m(o) = -o**3 + 5*o**2 - o + 7. Determine m(g).
2
Let h(s) = 3*s**2 - s**2 + s - 4*s**2 + s**2 - 1. Let f(u) = u**2 - 3*u + 2. Let i = -2 - -1. Let g(x) = i*h(x) + f(x). What is g(3)?
9
Let t(i) be the third derivative of i**6/120 + i**5/60 - i**4/24 + 17*i**3/6 - 2*i**2. Suppose 12 = -5*v - 3*u, 0 = u - 0 + 4. What is t(v)?
17
Let f(u) = 7*u - 4 + u**3 - 4*u**2 - 2*u - 3*u**3 + 3*u**3. Let n be -3 + (-1 + 0 - 0). Let o be ((-6)/4)/(2/n). Determine f(o).
2
Let f(k) = 2*k**2 + 2*k - 3. Let s be 2/5 + 13/5. Let i = s + -1. Determine f(i).
9
Let a(t) be the second derivative of -t**3/6 + t**2/2 + 8*t. Give a(3).
-2
Let y(d) = -3*d - 6. Suppose 0 = -20*c + 16*c - 24. Calculate y(c).
12
Let g(s) = s**2 - 3. Let m be g(3). Let u(r) = -1. Let a(h) = h - 8. Let k(f) = m*u(f) - a(f). Give k(0).
2
Suppose 0 = 6*y - 2*y + 12. Let q(w) = -8 + 10 + 2*w**3 - 3*w**3 - 2*w**2 + 4*w. What is q(y)?
-1
Let j(p) = -p**2 + 3*p - 2. Suppose -7*l + 12*l - 45 = 0. Suppose 4*x = -5*d - 2, -l = 2*x + x. Determine j(d).
0
Let l(t) = -2*t - 9. Let m(b) = -3*b - 8. Let g(x) = 5*l(x) - 6*m(x). Give g(-2).
-13
Suppose 2*b - 10 = 4*b. Let k(o) = -o - 7. Calculate k(b).
-2
Let i(l) = -l**3 - 5*l**2 + 2*l + 7. Let v be -5 - (1 + -2)*1. Let w(f) = -f**3 - 5*f**2 - 3*f - 5. Let p be w(-4). Let q = p - v. Determine i(q).
-3
Let n(g) be the first derivative of -g**4/4 + g**3/3 + g**2/2 + 6*g - 16. Let c(j) = -j + 5. Let b be c(0). Let u be 4/10 + (-2)/b. Give n(u).
6
Let c(m) = -6 - 3*m**2 - 8 + 13. Give c(3).
-28
Suppose 0*k + 4 = 2*k. Let a(g) = -3*g**3 + 2*g**2 - 4. Let r(c) = -4*c**3 + 3*c**2 - 5. Let y(u) = -3*a(u) + 2*r(u). Calculate y(k).
10
Let w(o) = -o**3 + 5*o**2 - 4*o - 2. Let t be w(4). Let g(a) be the third derivative of -a**6/120 - a**5/30 + a**4/6 + a**3/2 + 5*a**2. What is g(t)?
-5
Let t(d) = d**3 - 6*d**2 + 5*d. Suppose -2*y = 3*y - 75. Let q be (-1)/(-3*1/y). Determine t(q).
0
Let w(h) = 3 + h**2 + 0 + 3*h - 3*h**2 - 4. Determine w(2).
-3
Suppose 5*v - 3*f + 11 = 0, -3*v - 4*f = -5*f + 5. Let o(n) = -6*n**2. Determine o(v).
-6
Let d(g) be the first derivative of -g**2/2 - 6*g + 8. Calculate d(0).
-6
Let y(h) be the third derivative of -h**8/6720 - h**7/630 + h**6/144 + h**5/24 + h**4/8 + 4*h**2. Let z(l) be the second derivative of y(l). Determine z(-5).
5
Let y(p) = p**2 - 3*p - 4. Let f be -2 + 1 + -1 + -1. Let s be (1/f)/(9/(-108)). What is y(s)?
0
Let a(z) = -z**3 - 3*z**2 - z + 2. Let f be a(-2). Let t be (1 - f)/1*5. Let k(w) = -w + 8. Give k(t).
3
Let f(w) be the first derivative of -w**6/45 + w**4/24 + 2*w**3/3 + 4. Let k(m) be the third derivative of f(m). Calculate k(-1).
-7
Let t(v) = -v + 2. Let w be t(2). Let j(l) = -l**3 - l**2 - l + 10. Determine j(w).
10
Let x be 16/(-6)*(-6)/4. Suppose -3*j - 2*o + 11 = -0*j, 3*o - 8 = x*j. Let w(v) = -2*v - 1. Let d be w(j). Let a(h) = h**3 + h**2 - 2*h + 4. Give a(d).
-8
Let c = -2 - 0. Let w(p) be the second derivative of -p**5/10 - p**4/12 + p**3/6 - 19*p. Determine w(c).
10
Let p be 6/(-2) + 3 - 6. Let t be ((-4)/p)/((-2)/3). Let v be t/((-3)/2 + 1). Let z(s) = -s**3 + s**2 - 2*s + 3. Determine z(v).
-5
Suppose 11 = 4*h + 3. Suppose -h*v - d = 1 - 4, -3*v = 3*d + 3. Let s(r) = -r**2 + 6*r - 3. Determine s(v).
5
Let s(b) = -b**3 + 8*b**2 + 7*b + 19. Let x be s(9). Let n(d) = -4*d + 1. Determine n(x).
-3
Suppose 5*w + 2*u + u = 10, -4*w + 5*u + 8 = 0. Let h(m) be the third derivative of -m**4/8 + m**2. Give h(w).
-6
Let q(p) = -5*p - 6 + 5*p + p. Determine q(0).
-6
Let c(b) = b**3 + 3*b**2 + 3*b + 3. Let g(d) = d - 1. Let f be g(-2). Give c(f).
-6
Let b = -10 - -12. Let r(h) = h**3 + h**2 - 7*h + 7. Let d(a) = -a**3 - a**2 + 6*a - 6. Let v(m) = 4*d(m) + 3*r(m). What is v(b)?
-9
Let v(z) = -z**3 + 3*z**2 + z. Let u = -25 - -42. Suppose -4*f = f - 10, -5*s = f - u. Calculate v(s).
3
Let w(o) be the second derivative of -o**3/6 + 11*o**2/2 + o. Let b = -596 + 602. What is w(b)?
5
Suppose -8*f = -1 - 39. Let k(b) = -2*b - 1. Calculate k(f).
-11
Let w(a) = a**2 - 3*a - 79*a**3 - 7 + 5*a**2 + 78*a**3. Let m = 8 + -3. Determine w(m).
3
Let m(o) = 13*o + 32. Let i(f) = -7*f - 17. Let s(r) = 11*i(r) + 6*m(r). Give s(-4).
1
Suppose 0 = -c + 4*c. Let n(m) = -m + c*m + 4*m + 7 + 0*m. What is n(-5)?
-8
Let s(t) = -t - 1. Let n be 2*2/(-6)*-3. Let v be n - (0 + -1 - 4). Let f = -4 + v. What is s(f)?
-4
Let g(h) = -4*h**2 + 2 + 2*h - 3 - 4*h**2. Suppose -4*p = 19*p - 23. Give g(p).
-7
Let v(s) = s**2 + 7*s - 7. Let r be (-4)/6*54/4. Calculate v(r).
11
Let b(q) = -8*q. Let s = 24 + -9. Let f be 10/s + 1/3. Determine b(f).
-8
Let a(o) be the third derivative of -3*o**8/2240 - o**6/360 + o**5/120 - 5*o**4/24 - o**2. Let u(z) be the second derivative of a(z). Determine u(1).
-10
Suppose -2*f + 3 = 5*v, v - f = 4*v - 2. Let h(l) = -4 + 4*l - 6*l - l + 2*l**2 + v. Determine h(4).
17
Let i(u) be the third derivative of 0 + 1/24*u**4 + 0*u - u**2 + 2/3*u**3. Let c = 26 + -23. Determine i(c).
7
Let n(c) = 8*c + 1. Let l = 3 - 1. Suppose 0 = -5*j - x + 4*x + 2, l = -j + 3*x. Suppose -3*w = -j - 2. Give n(w).
9
Let q(g) = g**2 - 4. Let v be (8/5)/(6/15). Suppose -v = f - 1. Determine q(f).
5
Let g(p) be the first derivative of p**2/2 - 26. Calculate g(6).
6
Let h(g) = -3*g**2 - 4*g**2 - 3 + g**3 + 6*g + 1 + 3. Suppose -2*q + 5 = -7. Calculate h(q).
1
Let b(d) = 2*d**2 + d - 3. Let m(t) = -t**2 - t + 2. Let k(z) = -2*b(z) - 3*m(z). What is k(2)?
-2
Let p(f) = 2*f - 8. Let s = 17 + -11. Give p(s).
4
Let d(s) = -s**3 + 6*s**2 - 6*s + 1. Let h = 12 - 7. Determine d(h).
-4
Let m(i) = -6*i + 36. Let z(s) = -2*s + 12. Let v(q) = -3*m(q) + 8*z(q). Calculate v(8).
4
Let f(y) = y**3 - 4*y - 3. Suppose -112*g + 107*g = 10. Calculate f(g).
-3
Let b(g) be the second derivative of -g**5/20 + g**4/2 - g**3 + 5*g**2/2 - 15*g. Suppose 5*n - 5 = -3*u, 5*u + 2*n - 33 = 6*n. What is b(u)?
0
Let z(q) = -3*q**2 + q**2 - 4*q + q**2 - 4 + 3*q. Calculate z(0).
-4
Let p(d) be the first derivative of -4 - d**2 - 1/24*d**4 + 0*d + 1/6*d**3 + 1/20*d**5. Let b(u) be the second derivative of p(u). Determine b(2).
11
Suppose -2*i + 6*i + 5*b - 6 = 0, -5*b - 18 = -2*i. Let p(l) = 26*l**2 + 5 + 3*l + 19*l**2 - 46*l**2. Give p(i).
1
Let a = -13 + 13. Let t(h) be the second derivative of -1/6*h**3 + 0 + 4*h**2 + h. What is t(a)?
8
Let r(m) be the third derivative of m**4/24 + m**3/6 - 5*m**2. Give r(-1).
0
Let i(r) be the second derivative of 2*r**4/3 + r**3/6 + 16*r - 3. Let y = 0 - -1. Determine i(y).
9
Let y(j) be the second derivative of j**4/6 - 2*j**3/3 + j**2 + 17*j. What is y(2)?
2
Suppose 0 = 11*k - 36*k + 50. Let p(n) = -3*n**2 + 5*n + 2. Let r(m) = -5*m**2 + 8*m + 3. Let c(q) = 8*p(q) - 5*r(q). What is c(k)?
5
Let l(x) = -x**2 - 8*x + 8. Let d be (-8 - (3 - 8)) + 0 + -5. Calculate l(d).
8
Suppose -2 = 4*f + 6. Let j(v) = 5*v - 3. Let y(a) = -3*a - 8. Let w be y(-3). Let s(c) = -1. Let b(n) = w*j(n) - 5*s(n). Determine b(f).
-8
Let d(y) = 4 - 3 + 0 + 4*y. Suppose 0 = -2*u + 2 - 0. Give d(u).
5
Let l(a) = a**2 - 2*a - 3. Let u = -14 + 17. Suppose -u = 3*m, o - 19 = -4*o - m. Calculate l(o).
5
Let o be 10/3 + 6/6*-2. Let w(h) be the first derivative of 1 - 7/2*h**2 + 1/4*h**4 + 6*h - o*h**3. Determine w(5).
-4
Let m(f) be the first derivative of f**3/2 + 7*f**2/2 + 3*f + 2. Let u(j) be the first derivative of m(j). Calculate u(-5).
-8
Let t(b) = -11*b - 5. Let n(p) = 12*p + 6. Let r(u) = -2*n(u) - 3*t(u). Determine r(-3).
-24
Let z(c) be the first derivative of -c - 4/3*c**3 + 1 + 1/4*c**4 + 1/2*c**2. Determine z(4).
3
Let c(p) = p**2 + 4*p - 1. Suppose 4*h + 12 = -h - 2*t, 2*h + 24 = 4*t. Calculate c(h).
-1
Let g(w) = -2*w**2 - 2. Let j be -2 + 3*4/3. What is g(j)?
-10
Let v(w) = -2*w + 3 - w**2 + 5*w + 3. Give v(6).
-12
Suppose -6 = -2*n + 2*b, 0 = 3*n - 5*b - 0 - 1. Let q(y) = -8 + 7*y - 8 + y**3 + 18 - n*y**2. What is q(6)?
8
Let t(k) = -9 - 7*k**2 - 4*